{"id":687,"date":"2017-11-05T20:34:30","date_gmt":"2017-11-05T19:34:30","guid":{"rendered":"http:\/\/it035122.uni-graz.at\/edidactics2\/?page_id=687"},"modified":"2017-12-19T12:57:39","modified_gmt":"2017-12-19T11:57:39","slug":"feedback","status":"publish","type":"page","link":"https:\/\/edidactics.at\/?page_id=687","title":{"rendered":"Stimmen"},"content":{"rendered":"<p style=\"padding-left: 30px;\"><em>&#8222;Es war f\u00fcr mich spannend, Kolleginnen aus anderen Institutionen kennenzulernen und zu erfahren, wie Moodle in unterschiedlichen Lehrveranstaltungen eingesetzt wird.&#8220;<\/em><\/p>\n<p>&nbsp;<\/p>\n<p style=\"padding-left: 30px; text-align: right;\"><em>&#8222;Alle Module waren bis jetzt sehr informativ, sehr gut organisiert und ich kann viele Inhalte dieser Module in meine Arbeit einbauen.&#8220;<\/em><\/p>\n<p>&nbsp;<\/p>\n<p style=\"padding-left: 30px;\"><em>&#8222;Inhalte sind f\u00fcr die eigene Lehre sinnvoll nutzbar; Vernetzung und Austausch mit Lehrenden anderer Hochschulen ist interessant.&#8220;<\/em><\/p>\n<p>&nbsp;<\/p>\n<p style=\"padding-left: 30px; text-align: right;\"><em>&#8222;Entspricht meinen Vorstellungen.&#8220;<\/em><\/p>\n<p>&nbsp;<\/p>\n<p style=\"padding-left: 30px;\"><em>&#8222;F\u00fcr mich war dieser Kurs sehr hilfreich, den er hat mir als Anf\u00e4nger in diesem Bereich sehr gut gezeigt wo es f\u00fcr mich hingehen kann und woran ich arbeiten muss.&#8220;<\/em><\/p>\n<p>&nbsp;<\/p>\n<p style=\"padding-left: 30px; text-align: right;\"><em>&#8222;Guter Input f\u00fcr die eigene Vermittlungst\u00e4tigkeit.&#8220;<\/em><\/p>\n<p>&nbsp;<\/p>\n<p style=\"padding-left: 30px;\"><em>&#8222;Sch\u00f6n, dass es eine Hochschulkooperation dieser Art gibt!&#8220;<\/em><\/p>\n<p>&nbsp;<\/p>\n<p style=\"padding-left: 30px; text-align: right;\"><em>&#8222;Bis jetzt empfinde ich die absolvierten Module als sehr wertvoll f\u00fcr meine Arbeit.&#8220;<\/em><\/p>\n<p>&nbsp;<\/p>\n","protected":false},"excerpt":{"rendered":"<p style=\"padding-left: 30px;\"><em>&#8222;Es war f\u00fcr mich spannend, Kolleginnen aus anderen Institutionen kennenzulernen und zu erfahren, wie Moodle in unterschiedlichen Lehrveranstaltungen eingesetzt wird.&#8220;<\/em><\/p>\n<p>&nbsp;<\/p>\n<p style=\"padding-left: 30px; text-align: right;\"><em>&#8222;Alle Module waren bis jetzt sehr informativ, sehr gut organisiert und ich kann viele Inhalte dieser Module in meine Arbeit einbauen.&#8220;<\/em><\/p>\n<p>&nbsp;<\/p>\n<p style=\"padding-left: 30px;\"><em>&#8222;Inhalte sind f\u00fcr die eigene Lehre sinnvoll nutzbar; Vernetzung und Austausch mit Lehrenden anderer Hochschulen ist interessant.&#8220;<\/em><\/p>\n<p>&nbsp;<\/p>\n<p style=\"padding-left: 30px; text-align: right;\"><em>&#8222;Entspricht meinen Vorstellungen.&#8220;<\/em><\/p>\n<p>&nbsp;<\/p>\n<p style=\"padding-left: 30px;\"><em>&#8222;F\u00fcr mich war dieser Kurs sehr hilfreich, den er hat mir als Anf\u00e4nger in diesem Bereich sehr gut gezeigt wo es f\u00fcr mich hingehen kann und woran ich arbeiten muss.&#8220;<\/em><\/p>\n<p>&nbsp;<\/p>\n<p style=\"padding-left: 30px; text-align: right;\"><em>&#8222;Guter Input f\u00fcr die eigene Vermittlungst\u00e4tigkeit.&#8220;<\/em><\/p>\n<p>&nbsp;<\/p>\n<p style=\"padding-left: 30px;\"><em>&#8222;Sch\u00f6n, dass es eine Hochschulkooperation dieser Art gibt!&#8220;<\/em><\/p>\n<p>&nbsp;<\/p>\n<p style=\"padding-left: 30px; text-align: right;\"><em>&#8222;Bis jetzt empfinde ich die absolvierten Module als sehr wertvoll f\u00fcr meine Arbeit.&#8220;<\/em><\/p>\n<p>&nbsp;<\/p>\n","protected":false},"author":4,"featured_media":0,"parent":0,"menu_order":0,"comment_status":"closed","ping_status":"closed","template":"","meta":{"footnotes":""},"class_list":["post-687","page","type-page","status-publish","hentry"],"_links":{"self":[{"href":"https:\/\/edidactics.at\/index.php?rest_route=\/wp\/v2\/pages\/687","targetHints":{"allow":["GET"]}}],"collection":[{"href":"https:\/\/edidactics.at\/index.php?rest_route=\/wp\/v2\/pages"}],"about":[{"href":"https:\/\/edidactics.at\/index.php?rest_route=\/wp\/v2\/types\/page"}],"author":[{"embeddable":true,"href":"https:\/\/edidactics.at\/index.php?rest_route=\/wp\/v2\/users\/4"}],"replies":[{"embeddable":true,"href":"https:\/\/edidactics.at\/index.php?rest_route=%2Fwp%2Fv2%2Fcomments&post=687"}],"version-history":[{"count":12,"href":"https:\/\/edidactics.at\/index.php?rest_route=\/wp\/v2\/pages\/687\/revisions"}],"predecessor-version":[{"id":753,"href":"https:\/\/edidactics.at\/index.php?rest_route=\/wp\/v2\/pages\/687\/revisions\/753"}],"wp:attachment":[{"href":"https:\/\/edidactics.at\/index.php?rest_route=%2Fwp%2Fv2%2Fmedia&parent=687"}],"curies":[{"name":"wp","href":"https:\/\/api.w.org\/{rel}","templated":true}]}}